{"id":231,"date":"2012-01-26T22:30:28","date_gmt":"2012-01-26T22:30:28","guid":{"rendered":"http:\/\/www.privataudio.chris-vom-berg.de\/?page_id=231"},"modified":"2021-01-18T13:27:20","modified_gmt":"2021-01-18T13:27:20","slug":"worum-gehts-2","status":"publish","type":"page","link":"http:\/\/www.privataudio.chris-vom-berg.de\/?page_id=231","title":{"rendered":"Worum geht&#8217;s?"},"content":{"rendered":"<p><strong>Um Erinnerung!<\/strong><\/p>\n<p style=\"text-align: left;\"><strong><\/strong><img loading=\"lazy\" class=\"alignleft size-full wp-image-1363\" title=\"Familienfotos\" src=\"http:\/\/www.privataudio.chris-vom-berg.de\/wp-content\/uploads\/2012\/01\/Familienfotos2.jpg\" alt=\"\" width=\"700\" height=\"285\" srcset=\"http:\/\/www.privataudio.chris-vom-berg.de\/wp-content\/uploads\/2012\/01\/Familienfotos2.jpg 700w, http:\/\/www.privataudio.chris-vom-berg.de\/wp-content\/uploads\/2012\/01\/Familienfotos2-300x122.jpg 300w\" sizes=\"(max-width: 700px) 100vw, 700px\" \/><iframe loading=\"lazy\" src=\"https:\/\/w.soundcloud.com\/player\/?url=https%3A\/\/api.soundcloud.com\/tracks\/967813738%3Fsecret_token%3Ds-OyvSKx7k3fG&amp;color=%23ff5500&amp;inverse=false&amp;auto_play=true&amp;show_user=true\" frameborder=\"no\" scrolling=\"no\" width=\"100%\" height=\"20\"><\/iframe><\/p>\n<p><strong>Was ist machbar?<\/strong><br \/>\nMit unserer Hilfe k\u00f6nnen Sie Episoden aus ihrem Leben erz\u00e4hlen und akustisch festhalten. Vielleicht die eigene Lebensgeschichte?<\/p>\n<p><strong><strong><em><a href=\"http:\/\/www.privataudio.chris-vom-berg.de\/wp-content\/uploads\/2013\/09\/Partnerschaft.jpg\"><img loading=\"lazy\" class=\"alignleft  wp-image-1822\" title=\"Partnerschaft\" src=\"http:\/\/www.privataudio.chris-vom-berg.de\/wp-content\/uploads\/2013\/09\/Partnerschaft.jpg\" alt=\"\" width=\"152\" height=\"101\" srcset=\"http:\/\/www.privataudio.chris-vom-berg.de\/wp-content\/uploads\/2013\/09\/Partnerschaft.jpg 700w, http:\/\/www.privataudio.chris-vom-berg.de\/wp-content\/uploads\/2013\/09\/Partnerschaft-300x200.jpg 300w\" sizes=\"(max-width: 152px) 100vw, 152px\" \/><\/a>Oder:<\/em><\/strong><\/strong> Zwei Mensch<strong><\/strong>en m\u00f6chten \u00fcber ihre Partnerschaft erz\u00e4hlen. Wie hat man sich kennen gelernt, wie ging es weiter mit der Liebe, was hat sich durch die eigenen Kinder ver\u00e4ndert? In separaten Interviews lassen beide ihrer Perspektive auf gemeinsam Erlebtes freien Lauf. Im Tonstudio werden die vielleicht unterschiedlich wahrgenommenen Erlebnisse der Partner dann wieder zusammengef\u00fchrt.<\/p>\n<p><em><img loading=\"lazy\" class=\"alignleft  wp-image-1403\" title=\"Hochzeit\" src=\"http:\/\/www.privataudio.chris-vom-berg.de\/wp-content\/uploads\/2012\/01\/Hochzeit4.jpg\" alt=\"\" width=\"151\" height=\"103\" srcset=\"http:\/\/www.privataudio.chris-vom-berg.de\/wp-content\/uploads\/2012\/01\/Hochzeit4.jpg 700w, http:\/\/www.privataudio.chris-vom-berg.de\/wp-content\/uploads\/2012\/01\/Hochzeit4-300x204.jpg 300w\" sizes=\"(max-width: 151px) 100vw, 151px\" \/><br \/>\nOder:<\/em>\u00a0Eine Hochzeit, ein Jubil\u00e4um. Freunde schlie\u00dfen sich zusammen, um den Eheleuten oder dem Jubilar per CD zu erz\u00e4hlen, an welche Geschichten der gemeinsamen Vergangenheit sie sich besonders gern erinnern. Oder der Jubilar selbst m\u00f6chte eine akustische Erinnerung an diesen Tag, mit den Stimmen aller G\u00e4ste und der Atmosph\u00e4re dieses Tages.<\/p>\n<p>Vielleicht m\u00f6chten auch Geschwister oder alte Freunde die gemeinsame<strong><\/strong>\u00a0Vergangenheit akustisch festhalten?<\/p>\n<p>Haben Sie noch Audio-Kassetten mit alten Sprachaufnahmen? Lassen Sie uns \u00fcberlegen, was wir davon f\u00fcr Ihre CD verwenden k\u00f6nnen!<\/p>\n<p><strong><img loading=\"lazy\" class=\"alignleft  wp-image-1408\" title=\"Kind\" src=\"http:\/\/www.privataudio.chris-vom-berg.de\/wp-content\/uploads\/2012\/01\/Kind.jpg\" alt=\"\" width=\"151\" height=\"103\" srcset=\"http:\/\/www.privataudio.chris-vom-berg.de\/wp-content\/uploads\/2012\/01\/Kind.jpg 700w, http:\/\/www.privataudio.chris-vom-berg.de\/wp-content\/uploads\/2012\/01\/Kind-300x204.jpg 300w\" sizes=\"(max-width: 151px) 100vw, 151px\" \/>Langzeitprojekt<\/strong><br \/>\n<strong><\/strong>Denkbar ist auch die mehrj\u00e4hrige akustische Begleitung Ihres Kindes. In jedem Lebensjahr werden Aufnahmen vom Kind gemacht, auch versteckte Mitschnitte beim Spielen oder Singen. Gleichzeitig k\u00f6nnen Mutter und Vater immer wieder etwas zur Entwicklung des Kindes erz\u00e4hlen. Im\u00a0Booklett entsprechen dann die Fotos der Lebensphasen den Tracks auf der CD.<\/p>\n<p><strong>Warum eine Audio-CD?<\/strong><br \/>\nBei der Produktion einer privaten Audio-CD geht es um das Bewahren der Stimme von vertrauten Menschen, dem Erz\u00e4hlen von Geschichten, die sonst ungesagt geblieben w\u00e4ren oder von den Anderen l\u00e4ngst vergessen wurden.\u00a0Das H\u00f6ren der Stimme einer vertrauten Person ruft diese am intensivsten ins Ged\u00e4chtnis. Die Stimme, ihre Klarheit oder Br\u00fcchigkeit, das engagierte Berichten, der Plauderton oder die Pausen beim Erz\u00e4hlen, ein Lachen oder auch das Weinen sind unmittelbarer Ausdruck der Pers\u00f6nlichkeit eines Menschen.<\/p>\n<p>Die Interviews werden in konzentrierter Atmosph\u00e4re aufgenommen und nachtr\u00e4glich im Studio bearbeitet und abgemischt. So liefert die Audio-CD lebendige Portraits des Erz\u00e4hlenden &#8211; von Ihnen selbst, von Verwandten oder Freunden.<strong><\/strong><\/p>\n","protected":false},"excerpt":{"rendered":"<p>Um Erinnerung! Was ist machbar? Mit unserer Hilfe k\u00f6nnen Sie Episoden aus ihrem Leben erz\u00e4hlen und akustisch festhalten. Vielleicht die eigene Lebensgeschichte? Oder: Zwei Menschen m\u00f6chten \u00fcber ihre Partnerschaft erz\u00e4hlen. Wie hat man sich kennen gelernt, wie ging es weiter mit der Liebe, was hat sich durch die eigenen Kinder &#8230;<\/p>\n","protected":false},"author":1,"featured_media":0,"parent":220,"menu_order":0,"comment_status":"closed","ping_status":"closed","template":"","meta":[],"_links":{"self":[{"href":"http:\/\/www.privataudio.chris-vom-berg.de\/index.php?rest_route=\/wp\/v2\/pages\/231"}],"collection":[{"href":"http:\/\/www.privataudio.chris-vom-berg.de\/index.php?rest_route=\/wp\/v2\/pages"}],"about":[{"href":"http:\/\/www.privataudio.chris-vom-berg.de\/index.php?rest_route=\/wp\/v2\/types\/page"}],"author":[{"embeddable":true,"href":"http:\/\/www.privataudio.chris-vom-berg.de\/index.php?rest_route=\/wp\/v2\/users\/1"}],"replies":[{"embeddable":true,"href":"http:\/\/www.privataudio.chris-vom-berg.de\/index.php?rest_route=%2Fwp%2Fv2%2Fcomments&post=231"}],"version-history":[{"count":1,"href":"http:\/\/www.privataudio.chris-vom-berg.de\/index.php?rest_route=\/wp\/v2\/pages\/231\/revisions"}],"predecessor-version":[{"id":1823,"href":"http:\/\/www.privataudio.chris-vom-berg.de\/index.php?rest_route=\/wp\/v2\/pages\/231\/revisions\/1823"}],"up":[{"embeddable":true,"href":"http:\/\/www.privataudio.chris-vom-berg.de\/index.php?rest_route=\/wp\/v2\/pages\/220"}],"wp:attachment":[{"href":"http:\/\/www.privataudio.chris-vom-berg.de\/index.php?rest_route=%2Fwp%2Fv2%2Fmedia&parent=231"}],"curies":[{"name":"wp","href":"https:\/\/api.w.org\/{rel}","templated":true}]}}

<p><strong>Um Erinnerung!</strong></p>
<p style="text-align: left;"><strong></strong><img loading="lazy" class="alignleft size-full wp-image-1363" title="Familienfotos" src="http://www.privataudio.chris-vom-berg.de/wp-content/uploads/2012/01/Familienfotos2.jpg" alt="" width="700" height="285" srcset="http://www.privataudio.chris-vom-berg.de/wp-content/uploads/2012/01/Familienfotos2.jpg 700w, http://www.privataudio.chris-vom-berg.de/wp-content/uploads/2012/01/Familienfotos2-300x122.jpg 300w" sizes="(max-width: 700px) 100vw, 700px" /><iframe loading="lazy" src="https://w.soundcloud.com/player/?url=https%3A//api.soundcloud.com/tracks/967813738%3Fsecret_token%3Ds-OyvSKx7k3fG&amp;color=%23ff5500&amp;inverse=false&amp;auto_play=true&amp;show_user=true" frameborder="no" scrolling="no" width="100%" height="20"></iframe></p>
<p><strong>Was ist machbar?</strong><br />
Mit unserer Hilfe können Sie Episoden aus ihrem Leben erzählen und akustisch festhalten. Vielleicht die eigene Lebensgeschichte?</p>
<p><strong><strong><em><a href="http://www.privataudio.chris-vom-berg.de/wp-content/uploads/2013/09/Partnerschaft.jpg"><img loading="lazy" class="alignleft  wp-image-1822" title="Partnerschaft" src="http://www.privataudio.chris-vom-berg.de/wp-content/uploads/2013/09/Partnerschaft.jpg" alt="" width="152" height="101" srcset="http://www.privataudio.chris-vom-berg.de/wp-content/uploads/2013/09/Partnerschaft.jpg 700w, http://www.privataudio.chris-vom-berg.de/wp-content/uploads/2013/09/Partnerschaft-300x200.jpg 300w" sizes="(max-width: 152px) 100vw, 152px" /></a>Oder:</em></strong></strong> Zwei Mensch<strong></strong>en möchten über ihre Partnerschaft erzählen. Wie hat man sich kennen gelernt, wie ging es weiter mit der Liebe, was hat sich durch die eigenen Kinder verändert? In separaten Interviews lassen beide ihrer Perspektive auf gemeinsam Erlebtes freien Lauf. Im Tonstudio werden die vielleicht unterschiedlich wahrgenommenen Erlebnisse der Partner dann wieder zusammengeführt.</p>
<p><em><img loading="lazy" class="alignleft  wp-image-1403" title="Hochzeit" src="http://www.privataudio.chris-vom-berg.de/wp-content/uploads/2012/01/Hochzeit4.jpg" alt="" width="151" height="103" srcset="http://www.privataudio.chris-vom-berg.de/wp-content/uploads/2012/01/Hochzeit4.jpg 700w, http://www.privataudio.chris-vom-berg.de/wp-content/uploads/2012/01/Hochzeit4-300x204.jpg 300w" sizes="(max-width: 151px) 100vw, 151px" /><br />
Oder:</em> Eine Hochzeit, ein Jubiläum. Freunde schließen sich zusammen, um den Eheleuten oder dem Jubilar per CD zu erzählen, an welche Geschichten der gemeinsamen Vergangenheit sie sich besonders gern erinnern. Oder der Jubilar selbst möchte eine akustische Erinnerung an diesen Tag, mit den Stimmen aller Gäste und der Atmosphäre dieses Tages.</p>
<p>Vielleicht möchten auch Geschwister oder alte Freunde die gemeinsame<strong></strong> Vergangenheit akustisch festhalten?</p>
<p>Haben Sie noch Audio-Kassetten mit alten Sprachaufnahmen? Lassen Sie uns überlegen, was wir davon für Ihre CD verwenden können!</p>
<p><strong><img loading="lazy" class="alignleft  wp-image-1408" title="Kind" src="http://www.privataudio.chris-vom-berg.de/wp-content/uploads/2012/01/Kind.jpg" alt="" width="151" height="103" srcset="http://www.privataudio.chris-vom-berg.de/wp-content/uploads/2012/01/Kind.jpg 700w, http://www.privataudio.chris-vom-berg.de/wp-content/uploads/2012/01/Kind-300x204.jpg 300w" sizes="(max-width: 151px) 100vw, 151px" />Langzeitprojekt</strong><br />
<strong></strong>Denkbar ist auch die mehrjährige akustische Begleitung Ihres Kindes. In jedem Lebensjahr werden Aufnahmen vom Kind gemacht, auch versteckte Mitschnitte beim Spielen oder Singen. Gleichzeitig können Mutter und Vater immer wieder etwas zur Entwicklung des Kindes erzählen. Im Booklett entsprechen dann die Fotos der Lebensphasen den Tracks auf der CD.</p>
<p><strong>Warum eine Audio-CD?</strong><br />
Bei der Produktion einer privaten Audio-CD geht es um das Bewahren der Stimme von vertrauten Menschen, dem Erzählen von Geschichten, die sonst ungesagt geblieben wären oder von den Anderen längst vergessen wurden. Das Hören der Stimme einer vertrauten Person ruft diese am intensivsten ins Gedächtnis. Die Stimme, ihre Klarheit oder Brüchigkeit, das engagierte Berichten, der Plauderton oder die Pausen beim Erzählen, ein Lachen oder auch das Weinen sind unmittelbarer Ausdruck der Persönlichkeit eines Menschen.</p>
<p>Die Interviews werden in konzentrierter Atmosphäre aufgenommen und nachträglich im Studio bearbeitet und abgemischt. So liefert die Audio-CD lebendige Portraits des Erzählenden &#8211; von Ihnen selbst, von Verwandten oder Freunden.<strong></strong></p>

<p>Um Erinnerung! Was ist machbar? Mit unserer Hilfe können Sie Episoden aus ihrem Leben erzählen und akustisch festhalten. Vielleicht die eigene Lebensgeschichte? Oder: Zwei Menschen möchten über ihre Partnerschaft erzählen. Wie hat man sich kennen gelernt, wie ging es weiter mit der Liebe, was hat sich durch die eigenen Kinder &#8230;</p>
