{"id":236,"date":"2012-01-26T22:32:28","date_gmt":"2012-01-26T22:32:28","guid":{"rendered":"http:\/\/www.privataudio.chris-vom-berg.de\/?page_id=236"},"modified":"2021-06-23T10:07:41","modified_gmt":"2021-06-23T10:07:41","slug":"preise-2","status":"publish","type":"page","link":"http:\/\/www.privataudio.chris-vom-berg.de\/?page_id=236","title":{"rendered":"Preise"},"content":{"rendered":"<p><big>Unser Angebot:<\/big><\/p>\n<blockquote><p>&#8211; \u00a0Vorgespr\u00e4ch, ein oder mehrere Interviews in ihrer vertrauten Umgebung<br \/>\n&#8211; \u00a0Bearbeitung, Schnitt der Interviews, evtl. \u00c4nderung der Reihenfolge des Erz\u00e4hlten nach ihren<br \/>\nW\u00fcnschen (max.70 Minuten), Abmischen mit Musik<br \/>\n&#8211; \u00a0Gestaltung einer repr\u00e4sentativen CD H\u00fclle aus Kartonage (schwarz, wei\u00df oder natur) mit Frontbild,<br \/>\n8seitiges Booklett mit ihren Texten und Fotos, CD-Aufdruck<br \/>\n&#8211;\u00a0 4 CD incl. oben Genanntem<\/p><\/blockquote>\n<p>Preis incl. Mwst.: \u00a0 780,- \u20ac<br \/>\nJede weitere CD: \u00a0 \u00a010,- \u20ac<\/p>\n<p>Der Preis bezieht sich auf Interviews mit einer Person. Bei ausgiebigeren Projekten, bei Interviews mit mehreren Menschen oder einer Langzeitbegleitung sind die Preise Verhandlungssache.<\/p>\n<p>Nachbestellungen sind jederzeit m\u00f6glich.<iframe loading=\"lazy\" src=\"https:\/\/w.soundcloud.com\/player\/?url=https%3A\/\/api.soundcloud.com\/tracks\/967814113%3Fsecret_token%3Ds-O7Sx238xrrZ&amp;color=%23ff5500&amp;inverse=false&amp;auto_play=true&amp;show_user=true\" width=\"100%\" height=\"20\" frameborder=\"no\" scrolling=\"no\"><\/iframe><\/p>\n","protected":false},"excerpt":{"rendered":"<p>Unser Angebot: &#8211; \u00a0Vorgespr\u00e4ch, ein oder mehrere Interviews in ihrer vertrauten Umgebung &#8211; \u00a0Bearbeitung, Schnitt der Interviews, evtl. \u00c4nderung der Reihenfolge des Erz\u00e4hlten nach ihren W\u00fcnschen (max.70 Minuten), Abmischen mit Musik &#8211; \u00a0Gestaltung einer repr\u00e4sentativen CD H\u00fclle aus Kartonage (schwarz, wei\u00df oder natur) mit Frontbild, 8seitiges Booklett mit ihren Texten &#8230;<\/p>\n","protected":false},"author":1,"featured_media":0,"parent":0,"menu_order":0,"comment_status":"closed","ping_status":"closed","template":"","meta":[],"_links":{"self":[{"href":"http:\/\/www.privataudio.chris-vom-berg.de\/index.php?rest_route=\/wp\/v2\/pages\/236"}],"collection":[{"href":"http:\/\/www.privataudio.chris-vom-berg.de\/index.php?rest_route=\/wp\/v2\/pages"}],"about":[{"href":"http:\/\/www.privataudio.chris-vom-berg.de\/index.php?rest_route=\/wp\/v2\/types\/page"}],"author":[{"embeddable":true,"href":"http:\/\/www.privataudio.chris-vom-berg.de\/index.php?rest_route=\/wp\/v2\/users\/1"}],"replies":[{"embeddable":true,"href":"http:\/\/www.privataudio.chris-vom-berg.de\/index.php?rest_route=%2Fwp%2Fv2%2Fcomments&post=236"}],"version-history":[{"count":2,"href":"http:\/\/www.privataudio.chris-vom-berg.de\/index.php?rest_route=\/wp\/v2\/pages\/236\/revisions"}],"predecessor-version":[{"id":1851,"href":"http:\/\/www.privataudio.chris-vom-berg.de\/index.php?rest_route=\/wp\/v2\/pages\/236\/revisions\/1851"}],"wp:attachment":[{"href":"http:\/\/www.privataudio.chris-vom-berg.de\/index.php?rest_route=%2Fwp%2Fv2%2Fmedia&parent=236"}],"curies":[{"name":"wp","href":"https:\/\/api.w.org\/{rel}","templated":true}]}}

<p><big>Unser Angebot:</big></p>
<blockquote><p>&#8211;  Vorgespräch, ein oder mehrere Interviews in ihrer vertrauten Umgebung<br />
&#8211;  Bearbeitung, Schnitt der Interviews, evtl. Änderung der Reihenfolge des Erzählten nach ihren<br />
Wünschen (max.70 Minuten), Abmischen mit Musik<br />
&#8211;  Gestaltung einer repräsentativen CD Hülle aus Kartonage (schwarz, weiß oder natur) mit Frontbild,<br />
8seitiges Booklett mit ihren Texten und Fotos, CD-Aufdruck<br />
&#8211;  4 CD incl. oben Genanntem</p></blockquote>
<p>Preis incl. Mwst.:   780,- €<br />
Jede weitere CD:    10,- €</p>
<p>Der Preis bezieht sich auf Interviews mit einer Person. Bei ausgiebigeren Projekten, bei Interviews mit mehreren Menschen oder einer Langzeitbegleitung sind die Preise Verhandlungssache.</p>
<p>Nachbestellungen sind jederzeit möglich.<iframe loading="lazy" src="https://w.soundcloud.com/player/?url=https%3A//api.soundcloud.com/tracks/967814113%3Fsecret_token%3Ds-O7Sx238xrrZ&amp;color=%23ff5500&amp;inverse=false&amp;auto_play=true&amp;show_user=true" width="100%" height="20" frameborder="no" scrolling="no"></iframe></p>

<p>Unser Angebot: &#8211;  Vorgespräch, ein oder mehrere Interviews in ihrer vertrauten Umgebung &#8211;  Bearbeitung, Schnitt der Interviews, evtl. Änderung der Reihenfolge des Erzählten nach ihren Wünschen (max.70 Minuten), Abmischen mit Musik &#8211;  Gestaltung einer repräsentativen CD Hülle aus Kartonage (schwarz, weiß oder natur) mit Frontbild, 8seitiges Booklett mit ihren Texten &#8230;</p>
