{"id":512,"date":"2012-02-06T10:35:39","date_gmt":"2012-02-06T10:35:39","guid":{"rendered":"http:\/\/www.privataudio.chris-vom-berg.de\/?page_id=512"},"modified":"2021-01-18T14:23:04","modified_gmt":"2021-01-18T14:23:04","slug":"horproben","status":"publish","type":"page","link":"http:\/\/www.privataudio.chris-vom-berg.de\/?page_id=512","title":{"rendered":"H\u00f6rproben"},"content":{"rendered":"<p><big><strong>H\u00f6rproben von <em>PrivatAudio\u00a0<\/em>&#8211; Produktionen:<\/strong><\/big><\/p>\n<p><span style=\"text-align: left;\"><img loading=\"lazy\" class=\"alignleft  wp-image-1824\" title=\"Liebe\" src=\"http:\/\/www.privataudio.chris-vom-berg.de\/wp-content\/uploads\/2013\/09\/Liebe-150x150.jpg\" alt=\"\" width=\"54\" height=\"54\" srcset=\"http:\/\/www.privataudio.chris-vom-berg.de\/wp-content\/uploads\/2013\/09\/Liebe-150x150.jpg 150w, http:\/\/www.privataudio.chris-vom-berg.de\/wp-content\/uploads\/2013\/09\/Liebe-100x100.jpg 100w, http:\/\/www.privataudio.chris-vom-berg.de\/wp-content\/uploads\/2013\/09\/Liebe-350x350.jpg 350w, http:\/\/www.privataudio.chris-vom-berg.de\/wp-content\/uploads\/2013\/09\/Liebe-50x50.jpg 50w\" sizes=\"(max-width: 54px) 100vw, 54px\" \/><\/span> Meine ersten Frauen<iframe loading=\"lazy\" src=\"https:\/\/w.soundcloud.com\/player\/?url=https%3A\/\/api.soundcloud.com\/tracks\/967805284%3Fsecret_token%3Ds-DSp5JITxtW4&amp;color=%23ff5500&amp;inverse=false&amp;auto_play=false&amp;show_user=true\" frameborder=\"no\" scrolling=\"no\" width=\"100%\" height=\"20\"><\/iframe><\/p>\n<p style=\"text-align: left;\"><img loading=\"lazy\" class=\"alignleft  wp-image-1825\" title=\"Rathaus\" src=\"http:\/\/www.privataudio.chris-vom-berg.de\/wp-content\/uploads\/2012\/02\/Rathaus-150x150.jpg\" alt=\"\" width=\"54\" height=\"54\" srcset=\"http:\/\/www.privataudio.chris-vom-berg.de\/wp-content\/uploads\/2012\/02\/Rathaus-150x150.jpg 150w, http:\/\/www.privataudio.chris-vom-berg.de\/wp-content\/uploads\/2012\/02\/Rathaus-100x100.jpg 100w, http:\/\/www.privataudio.chris-vom-berg.de\/wp-content\/uploads\/2012\/02\/Rathaus-350x350.jpg 350w, http:\/\/www.privataudio.chris-vom-berg.de\/wp-content\/uploads\/2012\/02\/Rathaus-50x50.jpg 50w\" sizes=\"(max-width: 54px) 100vw, 54px\" \/>\u00a0Meine Kindheit in Siebenb\u00fcrgen<\/p>\n<p><iframe loading=\"lazy\" src=\"https:\/\/w.soundcloud.com\/player\/?url=https%3A\/\/api.soundcloud.com\/tracks\/967812673%3Fsecret_token%3Ds-A3VfYVH5HzK&amp;color=%23ff5500&amp;inverse=false&amp;auto_play=false&amp;show_user=true\" frameborder=\"no\" scrolling=\"no\" width=\"100%\" height=\"20\"><\/iframe><\/p>\n<p><span style=\"text-align: left; border-style: initial; border-color: initial;\">Meine M\u00e4nner<img loading=\"lazy\" class=\"wp-image-1064 alignleft\" title=\"Meine M\u00e4nner\" src=\"http:\/\/www.privataudio.chris-vom-berg.de\/wp-content\/uploads\/2012\/09\/Meine-M\u00e4nner.jpg\" alt=\"\" width=\"54\" height=\"54\" \/><\/span><iframe loading=\"lazy\" src=\"https:\/\/w.soundcloud.com\/player\/?url=https%3A\/\/api.soundcloud.com\/tracks\/967812922%3Fsecret_token%3Ds-rtyT6pMsVzu&amp;color=%23ff5500&amp;inverse=false&amp;auto_play=false&amp;show_user=true\" frameborder=\"no\" scrolling=\"no\" width=\"100%\" height=\"20\"><\/iframe><\/p>\n<p><img loading=\"lazy\" class=\"alignleft  wp-image-1826\" title=\"F\u00e4hre\" src=\"http:\/\/www.privataudio.chris-vom-berg.de\/wp-content\/uploads\/2012\/02\/F\u00e4hre-150x150.jpg\" alt=\"\" width=\"54\" height=\"54\" srcset=\"http:\/\/www.privataudio.chris-vom-berg.de\/wp-content\/uploads\/2012\/02\/F\u00e4hre-150x150.jpg 150w, http:\/\/www.privataudio.chris-vom-berg.de\/wp-content\/uploads\/2012\/02\/F\u00e4hre-100x100.jpg 100w, http:\/\/www.privataudio.chris-vom-berg.de\/wp-content\/uploads\/2012\/02\/F\u00e4hre-350x350.jpg 350w, http:\/\/www.privataudio.chris-vom-berg.de\/wp-content\/uploads\/2012\/02\/F\u00e4hre-50x50.jpg 50w\" sizes=\"(max-width: 54px) 100vw, 54px\" \/>Ich, die F\u00e4hrfrau<iframe loading=\"lazy\" src=\"https:\/\/w.soundcloud.com\/player\/?url=https%3A\/\/api.soundcloud.com\/tracks\/967811749%3Fsecret_token%3Ds-aSnzTIYhxms&amp;color=%23ff5500&amp;inverse=false&amp;auto_play=false&amp;show_user=true\" frameborder=\"no\" scrolling=\"no\" width=\"100%\" height=\"20\"><\/iframe><\/p>\n<p><img loading=\"lazy\" class=\"alignleft  wp-image-1827\" title=\"Wandersch\u00e4fer\" src=\"http:\/\/www.privataudio.chris-vom-berg.de\/wp-content\/uploads\/2012\/02\/Wandersch\u00e4fer-150x150.jpg\" alt=\"\" width=\"54\" height=\"54\" srcset=\"http:\/\/www.privataudio.chris-vom-berg.de\/wp-content\/uploads\/2012\/02\/Wandersch\u00e4fer-150x150.jpg 150w, http:\/\/www.privataudio.chris-vom-berg.de\/wp-content\/uploads\/2012\/02\/Wandersch\u00e4fer-100x100.jpg 100w, http:\/\/www.privataudio.chris-vom-berg.de\/wp-content\/uploads\/2012\/02\/Wandersch\u00e4fer-350x350.jpg 350w, http:\/\/www.privataudio.chris-vom-berg.de\/wp-content\/uploads\/2012\/02\/Wandersch\u00e4fer-50x50.jpg 50w\" sizes=\"(max-width: 54px) 100vw, 54px\" \/>Leben als Wandersch\u00e4fer<iframe loading=\"lazy\" src=\"https:\/\/w.soundcloud.com\/player\/?url=https%3A\/\/api.soundcloud.com\/tracks\/967811998%3Fsecret_token%3Ds-DDiQTuqdTnX&amp;color=%23ff5500&amp;inverse=false&amp;auto_play=false&amp;show_user=true\" frameborder=\"no\" scrolling=\"no\" width=\"100%\" height=\"20\"><\/iframe><\/p>\n<p><img loading=\"lazy\" class=\"alignleft  wp-image-1831\" title=\"Die Suche nach dem Vater\" src=\"http:\/\/www.privataudio.chris-vom-berg.de\/wp-content\/uploads\/2012\/02\/Die-Suche-nach-dem-Vater2-150x150.jpg\" alt=\"\" width=\"54\" height=\"54\" srcset=\"http:\/\/www.privataudio.chris-vom-berg.de\/wp-content\/uploads\/2012\/02\/Die-Suche-nach-dem-Vater2-150x150.jpg 150w, http:\/\/www.privataudio.chris-vom-berg.de\/wp-content\/uploads\/2012\/02\/Die-Suche-nach-dem-Vater2-100x100.jpg 100w, http:\/\/www.privataudio.chris-vom-berg.de\/wp-content\/uploads\/2012\/02\/Die-Suche-nach-dem-Vater2-350x350.jpg 350w, http:\/\/www.privataudio.chris-vom-berg.de\/wp-content\/uploads\/2012\/02\/Die-Suche-nach-dem-Vater2-50x50.jpg 50w\" sizes=\"(max-width: 54px) 100vw, 54px\" \/>Die Suche nach meinem leiblichen Vater<iframe loading=\"lazy\" src=\"https:\/\/w.soundcloud.com\/player\/?url=https%3A\/\/api.soundcloud.com\/tracks\/967869661%3Fsecret_token%3Ds-2zWE1C4sR6h&amp;color=%23ff5500&amp;inverse=false&amp;auto_play=false&amp;show_user=true\" frameborder=\"no\" scrolling=\"no\" width=\"100%\" height=\"20\"><\/iframe><\/p>\n<p><img loading=\"lazy\" class=\"alignleft  wp-image-1829\" title=\"Strand\" src=\"http:\/\/www.privataudio.chris-vom-berg.de\/wp-content\/uploads\/2012\/02\/Strand-150x150.jpg\" alt=\"\" width=\"54\" height=\"54\" srcset=\"http:\/\/www.privataudio.chris-vom-berg.de\/wp-content\/uploads\/2012\/02\/Strand-150x150.jpg 150w, http:\/\/www.privataudio.chris-vom-berg.de\/wp-content\/uploads\/2012\/02\/Strand-100x100.jpg 100w, http:\/\/www.privataudio.chris-vom-berg.de\/wp-content\/uploads\/2012\/02\/Strand-50x50.jpg 50w\" sizes=\"(max-width: 54px) 100vw, 54px\" \/>Mein Leben als Fischer<iframe loading=\"lazy\" src=\"https:\/\/w.soundcloud.com\/player\/?url=https%3A\/\/api.soundcloud.com\/tracks\/967812520%3Fsecret_token%3Ds-sTumSRNkZTe&amp;color=%23ff5500&amp;inverse=false&amp;auto_play=false&amp;show_user=true\" frameborder=\"no\" scrolling=\"no\" width=\"100%\" height=\"20\"><\/iframe><\/p>\n<p><img loading=\"lazy\" class=\"alignleft  wp-image-1830\" title=\"Tasten\" src=\"http:\/\/www.privataudio.chris-vom-berg.de\/wp-content\/uploads\/2012\/02\/Tasten-150x150.jpg\" alt=\"\" width=\"54\" height=\"54\" srcset=\"http:\/\/www.privataudio.chris-vom-berg.de\/wp-content\/uploads\/2012\/02\/Tasten-150x150.jpg 150w, http:\/\/www.privataudio.chris-vom-berg.de\/wp-content\/uploads\/2012\/02\/Tasten-100x100.jpg 100w, http:\/\/www.privataudio.chris-vom-berg.de\/wp-content\/uploads\/2012\/02\/Tasten-50x50.jpg 50w\" sizes=\"(max-width: 54px) 100vw, 54px\" \/>Mein Alltag als Blinder<iframe loading=\"lazy\" src=\"https:\/\/w.soundcloud.com\/player\/?url=https%3A\/\/api.soundcloud.com\/tracks\/967812238%3Fsecret_token%3Ds-ltX90jaT0fr&amp;color=%23ff5500&amp;inverse=false&amp;auto_play=false&amp;show_user=true\" frameborder=\"no\" scrolling=\"no\" width=\"100%\" height=\"20\"><\/iframe><\/p>\n<p><img loading=\"lazy\" class=\"wp-image-1801 alignleft\" title=\"Die M\u00fchle meines Vaters\" src=\"http:\/\/www.privataudio.chris-vom-berg.de\/wp-content\/uploads\/2013\/03\/Die-M\u00fchle-meines-Vaters-150x150.jpg\" alt=\"\" width=\"54\" height=\"54\" srcset=\"http:\/\/www.privataudio.chris-vom-berg.de\/wp-content\/uploads\/2013\/03\/Die-M\u00fchle-meines-Vaters-150x150.jpg 150w, http:\/\/www.privataudio.chris-vom-berg.de\/wp-content\/uploads\/2013\/03\/Die-M\u00fchle-meines-Vaters-300x300.jpg 300w, http:\/\/www.privataudio.chris-vom-berg.de\/wp-content\/uploads\/2013\/03\/Die-M\u00fchle-meines-Vaters-1021x1024.jpg 1021w, http:\/\/www.privataudio.chris-vom-berg.de\/wp-content\/uploads\/2013\/03\/Die-M\u00fchle-meines-Vaters-100x100.jpg 100w, http:\/\/www.privataudio.chris-vom-berg.de\/wp-content\/uploads\/2013\/03\/Die-M\u00fchle-meines-Vaters-350x350.jpg 350w, http:\/\/www.privataudio.chris-vom-berg.de\/wp-content\/uploads\/2013\/03\/Die-M\u00fchle-meines-Vaters-50x50.jpg 50w, http:\/\/www.privataudio.chris-vom-berg.de\/wp-content\/uploads\/2013\/03\/Die-M\u00fchle-meines-Vaters.jpg 1737w\" sizes=\"(max-width: 54px) 100vw, 54px\" \/>Das Leben ist sch\u00f6n!<iframe loading=\"lazy\" src=\"https:\/\/w.soundcloud.com\/player\/?url=https%3A\/\/api.soundcloud.com\/tracks\/967848703%3Fsecret_token%3Ds-SpVNhVW9RXU&amp;color=%23ff5500&amp;inverse=false&amp;auto_play=false&amp;show_user=true\" frameborder=\"no\" scrolling=\"no\" width=\"100%\" height=\"20\"><\/iframe><\/p>\n<p><img loading=\"lazy\" class=\"alignleft  wp-image-1802\" title=\"Auf hoher See\" src=\"http:\/\/www.privataudio.chris-vom-berg.de\/wp-content\/uploads\/2013\/03\/Auf-hoher-See-150x150.jpg\" alt=\"\" width=\"54\" height=\"54\" srcset=\"http:\/\/www.privataudio.chris-vom-berg.de\/wp-content\/uploads\/2013\/03\/Auf-hoher-See-150x150.jpg 150w, http:\/\/www.privataudio.chris-vom-berg.de\/wp-content\/uploads\/2013\/03\/Auf-hoher-See-300x300.jpg 300w, http:\/\/www.privataudio.chris-vom-berg.de\/wp-content\/uploads\/2013\/03\/Auf-hoher-See-1024x1024.jpg 1024w, http:\/\/www.privataudio.chris-vom-berg.de\/wp-content\/uploads\/2013\/03\/Auf-hoher-See-100x100.jpg 100w, http:\/\/www.privataudio.chris-vom-berg.de\/wp-content\/uploads\/2013\/03\/Auf-hoher-See-350x350.jpg 350w, http:\/\/www.privataudio.chris-vom-berg.de\/wp-content\/uploads\/2013\/03\/Auf-hoher-See-50x50.jpg 50w\" sizes=\"(max-width: 54px) 100vw, 54px\" \/>Auf hoher See<iframe loading=\"lazy\" src=\"https:\/\/w.soundcloud.com\/player\/?url=https%3A\/\/api.soundcloud.com\/tracks\/967848901%3Fsecret_token%3Ds-hIMCY6yvhlb&amp;color=%23ff5500&amp;inverse=false&amp;auto_play=false&amp;show_user=true\" frameborder=\"no\" scrolling=\"no\" width=\"100%\" height=\"20\"><\/iframe><\/p>\n","protected":false},"excerpt":{"rendered":"<p>H\u00f6rproben von PrivatAudio\u00a0&#8211; Produktionen: Meine ersten Frauen \u00a0Meine Kindheit in Siebenb\u00fcrgen Meine M\u00e4nner Ich, die F\u00e4hrfrau Leben als Wandersch\u00e4fer Die Suche nach meinem leiblichen Vater Mein Leben als Fischer Mein Alltag als Blinder Das Leben ist sch\u00f6n! Auf hoher See<\/p>\n","protected":false},"author":1,"featured_media":0,"parent":0,"menu_order":0,"comment_status":"closed","ping_status":"closed","template":"page-full.php","meta":[],"_links":{"self":[{"href":"http:\/\/www.privataudio.chris-vom-berg.de\/index.php?rest_route=\/wp\/v2\/pages\/512"}],"collection":[{"href":"http:\/\/www.privataudio.chris-vom-berg.de\/index.php?rest_route=\/wp\/v2\/pages"}],"about":[{"href":"http:\/\/www.privataudio.chris-vom-berg.de\/index.php?rest_route=\/wp\/v2\/types\/page"}],"author":[{"embeddable":true,"href":"http:\/\/www.privataudio.chris-vom-berg.de\/index.php?rest_route=\/wp\/v2\/users\/1"}],"replies":[{"embeddable":true,"href":"http:\/\/www.privataudio.chris-vom-berg.de\/index.php?rest_route=%2Fwp%2Fv2%2Fcomments&post=512"}],"version-history":[{"count":1,"href":"http:\/\/www.privataudio.chris-vom-berg.de\/index.php?rest_route=\/wp\/v2\/pages\/512\/revisions"}],"predecessor-version":[{"id":1751,"href":"http:\/\/www.privataudio.chris-vom-berg.de\/index.php?rest_route=\/wp\/v2\/pages\/512\/revisions\/1751"}],"wp:attachment":[{"href":"http:\/\/www.privataudio.chris-vom-berg.de\/index.php?rest_route=%2Fwp%2Fv2%2Fmedia&parent=512"}],"curies":[{"name":"wp","href":"https:\/\/api.w.org\/{rel}","templated":true}]}}

Hörproben

<p><big><strong>Hörproben von <em>PrivatAudio </em>&#8211; Produktionen:</strong></big></p>
<p><span style="text-align: left;"><img loading="lazy" class="alignleft  wp-image-1824" title="Liebe" src="http://www.privataudio.chris-vom-berg.de/wp-content/uploads/2013/09/Liebe-150x150.jpg" alt="" width="54" height="54" srcset="http://www.privataudio.chris-vom-berg.de/wp-content/uploads/2013/09/Liebe-150x150.jpg 150w, http://www.privataudio.chris-vom-berg.de/wp-content/uploads/2013/09/Liebe-100x100.jpg 100w, http://www.privataudio.chris-vom-berg.de/wp-content/uploads/2013/09/Liebe-350x350.jpg 350w, http://www.privataudio.chris-vom-berg.de/wp-content/uploads/2013/09/Liebe-50x50.jpg 50w" sizes="(max-width: 54px) 100vw, 54px" /></span> Meine ersten Frauen<iframe loading="lazy" src="https://w.soundcloud.com/player/?url=https%3A//api.soundcloud.com/tracks/967805284%3Fsecret_token%3Ds-DSp5JITxtW4&amp;color=%23ff5500&amp;inverse=false&amp;auto_play=false&amp;show_user=true" frameborder="no" scrolling="no" width="100%" height="20"></iframe></p>
<p style="text-align: left;"><img loading="lazy" class="alignleft  wp-image-1825" title="Rathaus" src="http://www.privataudio.chris-vom-berg.de/wp-content/uploads/2012/02/Rathaus-150x150.jpg" alt="" width="54" height="54" srcset="http://www.privataudio.chris-vom-berg.de/wp-content/uploads/2012/02/Rathaus-150x150.jpg 150w, http://www.privataudio.chris-vom-berg.de/wp-content/uploads/2012/02/Rathaus-100x100.jpg 100w, http://www.privataudio.chris-vom-berg.de/wp-content/uploads/2012/02/Rathaus-350x350.jpg 350w, http://www.privataudio.chris-vom-berg.de/wp-content/uploads/2012/02/Rathaus-50x50.jpg 50w" sizes="(max-width: 54px) 100vw, 54px" /> Meine Kindheit in Siebenbürgen</p>
<p><iframe loading="lazy" src="https://w.soundcloud.com/player/?url=https%3A//api.soundcloud.com/tracks/967812673%3Fsecret_token%3Ds-A3VfYVH5HzK&amp;color=%23ff5500&amp;inverse=false&amp;auto_play=false&amp;show_user=true" frameborder="no" scrolling="no" width="100%" height="20"></iframe></p>
<p><span style="text-align: left; border-style: initial; border-color: initial;">Meine Männer<img loading="lazy" class="wp-image-1064 alignleft" title="Meine Männer" src="http://www.privataudio.chris-vom-berg.de/wp-content/uploads/2012/09/Meine-Männer.jpg" alt="" width="54" height="54" /></span><iframe loading="lazy" src="https://w.soundcloud.com/player/?url=https%3A//api.soundcloud.com/tracks/967812922%3Fsecret_token%3Ds-rtyT6pMsVzu&amp;color=%23ff5500&amp;inverse=false&amp;auto_play=false&amp;show_user=true" frameborder="no" scrolling="no" width="100%" height="20"></iframe></p>
<p><img loading="lazy" class="alignleft  wp-image-1826" title="Fähre" src="http://www.privataudio.chris-vom-berg.de/wp-content/uploads/2012/02/Fähre-150x150.jpg" alt="" width="54" height="54" srcset="http://www.privataudio.chris-vom-berg.de/wp-content/uploads/2012/02/Fähre-150x150.jpg 150w, http://www.privataudio.chris-vom-berg.de/wp-content/uploads/2012/02/Fähre-100x100.jpg 100w, http://www.privataudio.chris-vom-berg.de/wp-content/uploads/2012/02/Fähre-350x350.jpg 350w, http://www.privataudio.chris-vom-berg.de/wp-content/uploads/2012/02/Fähre-50x50.jpg 50w" sizes="(max-width: 54px) 100vw, 54px" />Ich, die Fährfrau<iframe loading="lazy" src="https://w.soundcloud.com/player/?url=https%3A//api.soundcloud.com/tracks/967811749%3Fsecret_token%3Ds-aSnzTIYhxms&amp;color=%23ff5500&amp;inverse=false&amp;auto_play=false&amp;show_user=true" frameborder="no" scrolling="no" width="100%" height="20"></iframe></p>
<p><img loading="lazy" class="alignleft  wp-image-1827" title="Wanderschäfer" src="http://www.privataudio.chris-vom-berg.de/wp-content/uploads/2012/02/Wanderschäfer-150x150.jpg" alt="" width="54" height="54" srcset="http://www.privataudio.chris-vom-berg.de/wp-content/uploads/2012/02/Wanderschäfer-150x150.jpg 150w, http://www.privataudio.chris-vom-berg.de/wp-content/uploads/2012/02/Wanderschäfer-100x100.jpg 100w, http://www.privataudio.chris-vom-berg.de/wp-content/uploads/2012/02/Wanderschäfer-350x350.jpg 350w, http://www.privataudio.chris-vom-berg.de/wp-content/uploads/2012/02/Wanderschäfer-50x50.jpg 50w" sizes="(max-width: 54px) 100vw, 54px" />Leben als Wanderschäfer<iframe loading="lazy" src="https://w.soundcloud.com/player/?url=https%3A//api.soundcloud.com/tracks/967811998%3Fsecret_token%3Ds-DDiQTuqdTnX&amp;color=%23ff5500&amp;inverse=false&amp;auto_play=false&amp;show_user=true" frameborder="no" scrolling="no" width="100%" height="20"></iframe></p>
<p><img loading="lazy" class="alignleft  wp-image-1831" title="Die Suche nach dem Vater" src="http://www.privataudio.chris-vom-berg.de/wp-content/uploads/2012/02/Die-Suche-nach-dem-Vater2-150x150.jpg" alt="" width="54" height="54" srcset="http://www.privataudio.chris-vom-berg.de/wp-content/uploads/2012/02/Die-Suche-nach-dem-Vater2-150x150.jpg 150w, http://www.privataudio.chris-vom-berg.de/wp-content/uploads/2012/02/Die-Suche-nach-dem-Vater2-100x100.jpg 100w, http://www.privataudio.chris-vom-berg.de/wp-content/uploads/2012/02/Die-Suche-nach-dem-Vater2-350x350.jpg 350w, http://www.privataudio.chris-vom-berg.de/wp-content/uploads/2012/02/Die-Suche-nach-dem-Vater2-50x50.jpg 50w" sizes="(max-width: 54px) 100vw, 54px" />Die Suche nach meinem leiblichen Vater<iframe loading="lazy" src="https://w.soundcloud.com/player/?url=https%3A//api.soundcloud.com/tracks/967869661%3Fsecret_token%3Ds-2zWE1C4sR6h&amp;color=%23ff5500&amp;inverse=false&amp;auto_play=false&amp;show_user=true" frameborder="no" scrolling="no" width="100%" height="20"></iframe></p>
<p><img loading="lazy" class="alignleft  wp-image-1829" title="Strand" src="http://www.privataudio.chris-vom-berg.de/wp-content/uploads/2012/02/Strand-150x150.jpg" alt="" width="54" height="54" srcset="http://www.privataudio.chris-vom-berg.de/wp-content/uploads/2012/02/Strand-150x150.jpg 150w, http://www.privataudio.chris-vom-berg.de/wp-content/uploads/2012/02/Strand-100x100.jpg 100w, http://www.privataudio.chris-vom-berg.de/wp-content/uploads/2012/02/Strand-50x50.jpg 50w" sizes="(max-width: 54px) 100vw, 54px" />Mein Leben als Fischer<iframe loading="lazy" src="https://w.soundcloud.com/player/?url=https%3A//api.soundcloud.com/tracks/967812520%3Fsecret_token%3Ds-sTumSRNkZTe&amp;color=%23ff5500&amp;inverse=false&amp;auto_play=false&amp;show_user=true" frameborder="no" scrolling="no" width="100%" height="20"></iframe></p>
<p><img loading="lazy" class="alignleft  wp-image-1830" title="Tasten" src="http://www.privataudio.chris-vom-berg.de/wp-content/uploads/2012/02/Tasten-150x150.jpg" alt="" width="54" height="54" srcset="http://www.privataudio.chris-vom-berg.de/wp-content/uploads/2012/02/Tasten-150x150.jpg 150w, http://www.privataudio.chris-vom-berg.de/wp-content/uploads/2012/02/Tasten-100x100.jpg 100w, http://www.privataudio.chris-vom-berg.de/wp-content/uploads/2012/02/Tasten-50x50.jpg 50w" sizes="(max-width: 54px) 100vw, 54px" />Mein Alltag als Blinder<iframe loading="lazy" src="https://w.soundcloud.com/player/?url=https%3A//api.soundcloud.com/tracks/967812238%3Fsecret_token%3Ds-ltX90jaT0fr&amp;color=%23ff5500&amp;inverse=false&amp;auto_play=false&amp;show_user=true" frameborder="no" scrolling="no" width="100%" height="20"></iframe></p>
<p><img loading="lazy" class="wp-image-1801 alignleft" title="Die Mühle meines Vaters" src="http://www.privataudio.chris-vom-berg.de/wp-content/uploads/2013/03/Die-Mühle-meines-Vaters-150x150.jpg" alt="" width="54" height="54" srcset="http://www.privataudio.chris-vom-berg.de/wp-content/uploads/2013/03/Die-Mühle-meines-Vaters-150x150.jpg 150w, http://www.privataudio.chris-vom-berg.de/wp-content/uploads/2013/03/Die-Mühle-meines-Vaters-300x300.jpg 300w, http://www.privataudio.chris-vom-berg.de/wp-content/uploads/2013/03/Die-Mühle-meines-Vaters-1021x1024.jpg 1021w, http://www.privataudio.chris-vom-berg.de/wp-content/uploads/2013/03/Die-Mühle-meines-Vaters-100x100.jpg 100w, http://www.privataudio.chris-vom-berg.de/wp-content/uploads/2013/03/Die-Mühle-meines-Vaters-350x350.jpg 350w, http://www.privataudio.chris-vom-berg.de/wp-content/uploads/2013/03/Die-Mühle-meines-Vaters-50x50.jpg 50w, http://www.privataudio.chris-vom-berg.de/wp-content/uploads/2013/03/Die-Mühle-meines-Vaters.jpg 1737w" sizes="(max-width: 54px) 100vw, 54px" />Das Leben ist schön!<iframe loading="lazy" src="https://w.soundcloud.com/player/?url=https%3A//api.soundcloud.com/tracks/967848703%3Fsecret_token%3Ds-SpVNhVW9RXU&amp;color=%23ff5500&amp;inverse=false&amp;auto_play=false&amp;show_user=true" frameborder="no" scrolling="no" width="100%" height="20"></iframe></p>
<p><img loading="lazy" class="alignleft  wp-image-1802" title="Auf hoher See" src="http://www.privataudio.chris-vom-berg.de/wp-content/uploads/2013/03/Auf-hoher-See-150x150.jpg" alt="" width="54" height="54" srcset="http://www.privataudio.chris-vom-berg.de/wp-content/uploads/2013/03/Auf-hoher-See-150x150.jpg 150w, http://www.privataudio.chris-vom-berg.de/wp-content/uploads/2013/03/Auf-hoher-See-300x300.jpg 300w, http://www.privataudio.chris-vom-berg.de/wp-content/uploads/2013/03/Auf-hoher-See-1024x1024.jpg 1024w, http://www.privataudio.chris-vom-berg.de/wp-content/uploads/2013/03/Auf-hoher-See-100x100.jpg 100w, http://www.privataudio.chris-vom-berg.de/wp-content/uploads/2013/03/Auf-hoher-See-350x350.jpg 350w, http://www.privataudio.chris-vom-berg.de/wp-content/uploads/2013/03/Auf-hoher-See-50x50.jpg 50w" sizes="(max-width: 54px) 100vw, 54px" />Auf hoher See<iframe loading="lazy" src="https://w.soundcloud.com/player/?url=https%3A//api.soundcloud.com/tracks/967848901%3Fsecret_token%3Ds-hIMCY6yvhlb&amp;color=%23ff5500&amp;inverse=false&amp;auto_play=false&amp;show_user=true" frameborder="no" scrolling="no" width="100%" height="20"></iframe></p>

<p>Hörproben von PrivatAudio &#8211; Produktionen: Meine ersten Frauen  Meine Kindheit in Siebenbürgen Meine Männer Ich, die Fährfrau Leben als Wanderschäfer Die Suche nach meinem leiblichen Vater Mein Leben als Fischer Mein Alltag als Blinder Das Leben ist schön! Auf hoher See</p>
